s the greatest common factor of 21 and j?
3
Let q = -13 + 71. Suppose -106 = -4*m - s, -2*m - s + q = 2*s. What is the highest common factor of m and 39?
13
Let j = 503 - 453. What is the greatest common divisor of 130 and j?
10
Let m = 2099 - 2033. What is the highest common divisor of 363 and m?
33
Let t(k) = 109*k**2 - 6*k - 7. Let l be t(-1). Calculate the highest common factor of l and 30.
6
Let y be ((-9)/(-4))/((-1)/(-28)). What is the highest common divisor of y and 84?
21
Let f(c) = c + 2. Let g be f(3). Suppose 0 = i - 2*a - 15, 4*a = -5*i + g*a + 75. Let b be 18/4 - i/(-10). What is the highest common factor of b and 9?
3
Suppose o + 3*x + x = 9, 3*o + x = -6. Let z be o/(-3) + 2 + 39. Calculate the greatest common divisor of z and 63.
21
Let l be 8/20*(3349 - 19). What is the highest common divisor of 12 and l?
12
Let i = 120 - 65. Suppose -5*x = 15 - i. What is the highest common factor of x and 56?
8
Suppose -2*n = -d - 424, 5*n + 32*d - 29*d = 1038. What is the highest common divisor of n and 60?
30
Let i be (-7)/21 + ((-28)/(-6))/2. Suppose 7*q = -2*p + i*q + 71, 5*p - 5*q = 125. Calculate the greatest common divisor of 4 and p.
4
Let z = 13 + -9. Suppose 12 = 8*i - z*i. Suppose i*c = -6, -38 = 4*b - 7*b - 5*c. Calculate the greatest common divisor of 16 and b.
16
Let f be (-9 + -118 + 8)*(-16)/2. What is the highest common divisor of 14 and f?
14
Suppose -3*h + 4*h + 2*x - 44 = 0, -4*h + 203 = -x. Let q be (-162)/(-8) - (-4)/(-16). What is the greatest common factor of q and h?
10
Let u be 1/((-4)/232*-2). Suppose 0 = -3*n - u - 4. Let k = n - -20. Calculate the highest common factor of k and 99.
9
Let h(x) = -15*x + 5. Let s be h(0). Calculate the greatest common divisor of 145 and s.
5
Suppose 34*w - 1215 = 25*w. What is the greatest common divisor of w and 45?
45
Suppose 4*q = -5 + 69. Let v = 80 + -45. Suppose -2*f + v = -l - 17, 2*f + 2*l = 40. Calculate the greatest common divisor of f and q.
8
Let l be (3 - (5 - 2)) + 17. Let m be l - (2/2)/1. Suppose -h - 10*k = -5*k - 137, -4*h + k + 443 = 0. Calculate the greatest common divisor of m and h.
16
Suppose 5*a - 3*g - 4 = 0, 0 = a - 2*a - 4*g + 10. Suppose 0 = -a*h + 3 + 25. Calculate the highest common divisor of h and 21.
7
Let q = 330 - 106. What is the greatest common divisor of 32 and q?
32
Let f = 9 + 1. Let u = -20 - -30. Calculate the greatest common divisor of f and u.
10
Let j(t) = 8*t**2 - 7*t - 1. Let w be j(-5). Let u = -66 + 92. Calculate the greatest common divisor of w and u.
26
Suppose -5*t + 137 = -8. Calculate the highest common factor of t and 696.
29
Suppose -3*y + 14 = -7. Let p = 12 - y. Suppose 2*h + 3*t + 0 = 8, p*t = -2*h. What is the greatest common divisor of 10 and h?
10
Suppose 5*a + p = 997, 5*a - 7*p = -6*p + 1003. Let j(g) = 20*g. Let m be j(4). Calculate the greatest common divisor of m and a.
40
Suppose 0 = -94*v + 88*v + 150. Calculate the greatest common divisor of v and 40.
5
Suppose 32*d = 58*d + 208. Suppose s = -4*s + 100. Let f = s + d. What is the greatest common divisor of 3 and f?
3
Let a be (-33)/(-9) - 12/18. Let n be a/(-2)*136/12. Let d = n - -18. Calculate the greatest common factor of d and 9.
1
Let p be 4*(-2)/(-4) - -16. Let a = 30 - p. What is the highest common divisor of a and 108?
12
Let p(o) = o - 19. Let i be p(13). Let n(x) = -x**3 - 6*x**2 - x + 7. Let j be n(i). What is the highest common divisor of 52 and j?
13
Let q = 23 - 14. Let x = 1108 + -1107. What is the greatest common factor of q and x?
1
Let u be (6/4)/(15/400). Let c = -15 + u. Let f(r) = -7*r**3 - 2*r**2 + 2. Let j be f(-2). What is the highest common divisor of j and c?
25
Suppose -7*a - 6*a + 3159 = 0. What is the greatest common divisor of a and 27?
27
Let b be -5 - -4 - (-1 + 1). Let f = b + 1. Suppose 0 = -r + 3*h + 33, f = 2*r - 0*r + h - 59. What is the highest common divisor of 10 and r?
10
Suppose -2*i + 314 = -4*a, 400 = 5*i + a - 429. What is the highest common factor of 195 and i?
15
Suppose -3*b - 5*k + 102 = 0, 3*b = -k + 91 + 11. Suppose 0 = 10*v + b - 144. Calculate the greatest common divisor of v and 121.
11
Suppose -406 = -10*q - 106. Let t be q/9*17/(255/54). Let r = -46 - -76. What is the greatest common factor of r and t?
6
Let r = 21 + 17. Suppose r = -4*g + 242. What is the greatest common divisor of g and 34?
17
Suppose -5*a - 120 - 60 = 0. Let j = 72 + a. Suppose 2*d + 2*o - j = 0, -2*d + 0*o + o = -48. What is the greatest common divisor of 66 and d?
22
Suppose -5*v + 3*m + 276 = 271, m = 0. Let k be 57/(-2)*(-2)/3. Suppose -2*p + 9*d = 4*d + k, 20 = 4*d. Calculate the greatest common factor of v and p.
1
Suppose 2*r - 2754 = 4*p - 6*p, 6885 = 5*p - 2*r. What is the greatest common factor of p and 17?
17
Suppose 21 = -2*p - 0*p + 5*c, -5*c = 2*p - 29. Suppose p*y - 50 = -3*y. Let v = -1475 + 1515. What is the greatest common divisor of v and y?
10
Let k = -116 - -170. What is the greatest common divisor of 594 and k?
54
Let f = 4 + -4. Suppose f = -j + 6*j - 15. What is the greatest common divisor of 9 and j?
3
Suppose 5*l = 3*y + 156, 12*y + 28 = l + 13*y. What is the highest common factor of l and 270?
30
Suppose -2*u = 3*u + q - 162, -2*q - 72 = -2*u. Suppose 4*s + 11 = -2*h + u, 4*s = 3*h + 37. Calculate the greatest common factor of s and 35.
7
Suppose 120*r + 400 = 124*r. Calculate the greatest common divisor of 20 and r.
20
Suppose -17*h + 18*h + a = 46, -2*h = -2*a - 76. Suppose -9 - 3 = -x. Calculate the highest common factor of h and x.
6
Suppose 1 + 5 = -q - 2*y, -2*y - 22 = -3*q. Let g = 5 - q. Let x(o) = o**3 - o**2 + o. Let c be x(g). What is the highest common divisor of c and 4?
1
Let n(t) = t + 300. Let k be n(-39). What is the greatest common divisor of k and 36?
9
Let k be 0/(-3*4/(-6)). Suppose 4*w + 3*u - 33 = k, 4*w - 3*w - 2*u - 11 = 0. Let z be 139/3 + 2 + (-70)/21. What is the highest common factor of z and w?
9
Let g(k) = 24*k + 32. Let m(j) = j + 1. Let s(r) = 5*g(r) - 160*m(r). Let y be s(-2). What is the greatest common factor of y and 10?
10
Suppose -2*y - 10 = 0, -3*b - y - 2 = -84. Calculate the greatest common divisor of 203 and b.
29
Let z(d) = -4*d**2 - 50*d + 35. Let n be z(-13). Suppose 10 = -3*a + 37. What is the greatest common divisor of n and a?
9
Let j be 1*(-1 - -7) - 3. Suppose -3*x - 37 = j*u - 8*u, -5*u + 5*x = -35. Let d be (1 - (-12)/u)*4. Calculate the greatest common factor of d and 25.
5
Suppose -4*b - 132 = -8. Let q = b + 58. Let h = -25 - -43. What is the highest common factor of h and q?
9
Suppose -183*v = -167*v - 176. Let k be 2/9 + 2174/18. Calculate the greatest common divisor of v and k.
11
Let k be ((-7)/21)/((-1379)/(-231) - 6). Calculate the greatest common divisor of 1837 and k.
11
Let l(k) = 2*k**2 + 6*k + 0 + k**3 - 4 - 4*k**2 - k**2. Let y be l(4). Suppose 2*f = 1 + 17. What is the highest common divisor of y and f?
9
Suppose -28*n = -62*n + 4760. What is the highest common factor of n and 476?
28
Let q(f) = -4 - 7*f - 1 - 5*f**3 - 4*f**2 + 6*f**3 - f**2. Let m be q(7). What is the greatest common divisor of 11 and m?
11
Let v be ((-580)/15)/(-2) + (-840)/252. Suppose -3*x = -2*x - 8. Calculate the greatest common divisor of v and x.
8
Suppose -2*o + 6115 = 6087. What is the greatest common factor of o and 3346?
14
Suppose -3*d - 12 = d - 5*q, 0 = -q + 4. Suppose -4*h = 5*z - 34, -d*z = 3*h + h - 40. Let p be (-1)/3 + 204/18. What is the greatest common divisor of p and h?
11
Let m(h) = -10*h - 40. Let j be m(-13). What is the highest common divisor of 225 and j?
45
Let h be (16 - -1)*192/24. Let r be 15/5 + (2 - 0). Suppose r*k - 3*g = 155, 63 = k + 4*g + 9. Calculate the greatest common factor of h and k.
34
Suppose 0 = -4*s + 5*p + 55, 3*s - 5*p = 23 + 12. What is the greatest common divisor of 320 and s?
20
Let p(z) = 0 - 3*z - 7 - 2 - 1. Let f(l) = -16*l - 49. Let m(k) = 2*f(k) - 11*p(k). Let i be m(-9). Calculate the highest common divisor of 33 and i.
3
Suppose -2*f + 624 = f. Let v(m) = m**3 + 2*m**2 - 51*m - 11. Let y be v(-8). Calculate the highest common divisor of f and y.
13
Suppose 4*s - 5*s = 4. Let f = s + 7. Suppose g + 84 = f*g - 3*b, 2*b = -4*g + 200. What is the greatest common factor of g and 6?
6
Let r(u) = 2*u - 3. Let g be r(3)